{"id":76,"date":"2025-01-28T11:41:23","date_gmt":"2025-01-28T14:41:23","guid":{"rendered":"https:\/\/bistec.com.br\/relojoaria\/?post_type=product&#038;p=76"},"modified":"2025-01-28T11:41:23","modified_gmt":"2025-01-28T14:41:23","slug":"anel-snake-man-em-prata-925-com-rodio-negro","status":"publish","type":"product","link":"https:\/\/site.bistec.com.pt\/relojoaria\/produto\/anel-snake-man-em-prata-925-com-rodio-negro\/","title":{"rendered":"Anel Snake Man em Prata 925 com R\u00f3dio Negro"},"content":{"rendered":"","protected":false},"excerpt":{"rendered":"<p class=\"description-text\"><strong>Anel Snake Man em Prata 925 com R\u00f3dio Negro<\/strong><\/p>\n<div>\n<ul class=\"description-composition\">\n<li class=\"description-composition__item\">Cole\u00e7\u00e3o\u00a0:\u00a0Snake Man<\/li>\n<\/ul>\n<\/div>\n<div>\n<ul class=\"description-composition\">\n<li class=\"description-composition__item\">Largura aprox.\u00a0:\u00a07 mm<\/li>\n<\/ul>\n<\/div>\n<div>\n<ul class=\"description-composition\">\n<li class=\"description-composition__item\">Material\u00a0:\u00a0Prata + Banho de R\u00f3dio Negro<\/li>\n<\/ul>\n<\/div>\n<div>\n<ul class=\"description-composition\">\n<li class=\"description-composition__item\">Sugest\u00e3o\u00a0:\u00a0Para ele<\/li>\n<\/ul>\n<\/div>\n<div>\n<ul class=\"description-composition\">\n<li class=\"description-composition__item\">Observa\u00e7\u00e3o\u00a0:\u00a0Imagens meramente ilustrativas. Outros itens n\u00e3o acompanham o produto. Todas as medidas s\u00e3o aproximadas e podem variar de acordo com a produ\u00e7\u00e3o.<\/li>\n<\/ul>\n<\/div>\n","protected":false},"featured_media":82,"comment_status":"open","ping_status":"closed","template":"","meta":[],"product_brand":[],"product_cat":[21,33,16,20],"product_tag":[],"class_list":{"0":"post-76","1":"product","2":"type-product","3":"status-publish","4":"has-post-thumbnail","6":"product_cat-aneis","7":"product_cat-aneis-joias","8":"product_cat-joias","9":"product_cat-masculino","11":"first","12":"instock","13":"taxable","14":"shipping-taxable","15":"purchasable","16":"product-type-variable","17":"has-default-attributes"},"yoast_head":"<!-- This site is optimized with the Yoast SEO plugin v26.4 - https:\/\/yoast.com\/wordpress\/plugins\/seo\/ -->\n<title>Anel Snake Man em Prata 925 com R\u00f3dio Negro - Relojoaria Bistec<\/title>\n<meta name=\"robots\" content=\"index, follow, max-snippet:-1, max-image-preview:large, max-video-preview:-1\" \/>\n<link rel=\"canonical\" href=\"https:\/\/site.bistec.com.pt\/relojoaria\/produto\/anel-snake-man-em-prata-925-com-rodio-negro\/\" \/>\n<meta property=\"og:locale\" content=\"pt_BR\" \/>\n<meta property=\"og:type\" content=\"article\" \/>\n<meta property=\"og:title\" content=\"Anel Snake Man em Prata 925 com R\u00f3dio Negro - Relojoaria Bistec\" \/>\n<meta property=\"og:description\" content=\"Anel Snake Man em Prata 925 com R\u00f3dio Negro     Cole\u00e7\u00e3o\u00a0:\u00a0Snake Man      Largura aprox.\u00a0:\u00a07 mm      Material\u00a0:\u00a0Prata + Banho de R\u00f3dio Negro      Sugest\u00e3o\u00a0:\u00a0Para ele      Observa\u00e7\u00e3o\u00a0:\u00a0Imagens meramente ilustrativas. Outros itens n\u00e3o acompanham o produto. Todas as medidas s\u00e3o aproximadas e podem variar de acordo com a produ\u00e7\u00e3o.\" \/>\n<meta property=\"og:url\" content=\"https:\/\/site.bistec.com.pt\/relojoaria\/produto\/anel-snake-man-em-prata-925-com-rodio-negro\/\" \/>\n<meta property=\"og:site_name\" content=\"Relojoaria Bistec\" \/>\n<meta property=\"og:image\" content=\"https:\/\/site.bistec.com.pt\/relojoaria\/wp-content\/uploads\/2025\/01\/Anel-Snake-Man-em-Prata-925-com-Rodio-Negro.webp\" \/>\n\t<meta property=\"og:image:width\" content=\"1000\" \/>\n\t<meta property=\"og:image:height\" content=\"1000\" \/>\n\t<meta property=\"og:image:type\" content=\"image\/webp\" \/>\n<meta name=\"twitter:card\" content=\"summary_large_image\" \/>\n<script type=\"application\/ld+json\" class=\"yoast-schema-graph\">{\"@context\":\"https:\/\/schema.org\",\"@graph\":[{\"@type\":\"WebPage\",\"@id\":\"https:\/\/site.bistec.com.pt\/relojoaria\/produto\/anel-snake-man-em-prata-925-com-rodio-negro\/\",\"url\":\"https:\/\/site.bistec.com.pt\/relojoaria\/produto\/anel-snake-man-em-prata-925-com-rodio-negro\/\",\"name\":\"Anel Snake Man em Prata 925 com R\u00f3dio Negro - Relojoaria Bistec\",\"isPartOf\":{\"@id\":\"https:\/\/site.bistec.com.pt\/relojoaria\/#website\"},\"primaryImageOfPage\":{\"@id\":\"https:\/\/site.bistec.com.pt\/relojoaria\/produto\/anel-snake-man-em-prata-925-com-rodio-negro\/#primaryimage\"},\"image\":{\"@id\":\"https:\/\/site.bistec.com.pt\/relojoaria\/produto\/anel-snake-man-em-prata-925-com-rodio-negro\/#primaryimage\"},\"thumbnailUrl\":\"https:\/\/site.bistec.com.pt\/relojoaria\/wp-content\/uploads\/2025\/01\/Anel-Snake-Man-em-Prata-925-com-Rodio-Negro.webp\",\"datePublished\":\"2025-01-28T14:41:23+00:00\",\"breadcrumb\":{\"@id\":\"https:\/\/site.bistec.com.pt\/relojoaria\/produto\/anel-snake-man-em-prata-925-com-rodio-negro\/#breadcrumb\"},\"inLanguage\":\"pt-BR\",\"potentialAction\":[{\"@type\":\"ReadAction\",\"target\":[\"https:\/\/site.bistec.com.pt\/relojoaria\/produto\/anel-snake-man-em-prata-925-com-rodio-negro\/\"]}]},{\"@type\":\"ImageObject\",\"inLanguage\":\"pt-BR\",\"@id\":\"https:\/\/site.bistec.com.pt\/relojoaria\/produto\/anel-snake-man-em-prata-925-com-rodio-negro\/#primaryimage\",\"url\":\"https:\/\/site.bistec.com.pt\/relojoaria\/wp-content\/uploads\/2025\/01\/Anel-Snake-Man-em-Prata-925-com-Rodio-Negro.webp\",\"contentUrl\":\"https:\/\/site.bistec.com.pt\/relojoaria\/wp-content\/uploads\/2025\/01\/Anel-Snake-Man-em-Prata-925-com-Rodio-Negro.webp\",\"width\":1000,\"height\":1000},{\"@type\":\"BreadcrumbList\",\"@id\":\"https:\/\/site.bistec.com.pt\/relojoaria\/produto\/anel-snake-man-em-prata-925-com-rodio-negro\/#breadcrumb\",\"itemListElement\":[{\"@type\":\"ListItem\",\"position\":1,\"name\":\"In\u00edcio\",\"item\":\"https:\/\/site.bistec.com.pt\/relojoaria\/\"},{\"@type\":\"ListItem\",\"position\":2,\"name\":\"Loja\",\"item\":\"https:\/\/site.bistec.com.pt\/relojoaria\/loja\/\"},{\"@type\":\"ListItem\",\"position\":3,\"name\":\"Anel Snake Man em Prata 925 com R\u00f3dio Negro\"}]},{\"@type\":\"WebSite\",\"@id\":\"https:\/\/site.bistec.com.pt\/relojoaria\/#website\",\"url\":\"https:\/\/site.bistec.com.pt\/relojoaria\/\",\"name\":\"Relojoaria Bistec\",\"description\":\"Relojoaria e Joalheria\",\"publisher\":{\"@id\":\"https:\/\/site.bistec.com.pt\/relojoaria\/#organization\"},\"potentialAction\":[{\"@type\":\"SearchAction\",\"target\":{\"@type\":\"EntryPoint\",\"urlTemplate\":\"https:\/\/site.bistec.com.pt\/relojoaria\/?s={search_term_string}\"},\"query-input\":{\"@type\":\"PropertyValueSpecification\",\"valueRequired\":true,\"valueName\":\"search_term_string\"}}],\"inLanguage\":\"pt-BR\"},{\"@type\":\"Organization\",\"@id\":\"https:\/\/site.bistec.com.pt\/relojoaria\/#organization\",\"name\":\"Relojoaria Bistec\",\"url\":\"https:\/\/site.bistec.com.pt\/relojoaria\/\",\"logo\":{\"@type\":\"ImageObject\",\"inLanguage\":\"pt-BR\",\"@id\":\"https:\/\/site.bistec.com.pt\/relojoaria\/#\/schema\/logo\/image\/\",\"url\":\"https:\/\/site.bistec.com.pt\/relojoaria\/wp-content\/uploads\/2025\/01\/logo-bistec-joias-preto-sem-fundo.png\",\"contentUrl\":\"https:\/\/site.bistec.com.pt\/relojoaria\/wp-content\/uploads\/2025\/01\/logo-bistec-joias-preto-sem-fundo.png\",\"width\":1048,\"height\":418,\"caption\":\"Relojoaria Bistec\"},\"image\":{\"@id\":\"https:\/\/site.bistec.com.pt\/relojoaria\/#\/schema\/logo\/image\/\"}}]}<\/script>\n<!-- \/ Yoast SEO plugin. -->","yoast_head_json":{"title":"Anel Snake Man em Prata 925 com R\u00f3dio Negro - Relojoaria Bistec","robots":{"index":"index","follow":"follow","max-snippet":"max-snippet:-1","max-image-preview":"max-image-preview:large","max-video-preview":"max-video-preview:-1"},"canonical":"https:\/\/site.bistec.com.pt\/relojoaria\/produto\/anel-snake-man-em-prata-925-com-rodio-negro\/","og_locale":"pt_BR","og_type":"article","og_title":"Anel Snake Man em Prata 925 com R\u00f3dio Negro - Relojoaria Bistec","og_description":"Anel Snake Man em Prata 925 com R\u00f3dio Negro     Cole\u00e7\u00e3o\u00a0:\u00a0Snake Man      Largura aprox.\u00a0:\u00a07 mm      Material\u00a0:\u00a0Prata + Banho de R\u00f3dio Negro      Sugest\u00e3o\u00a0:\u00a0Para ele      Observa\u00e7\u00e3o\u00a0:\u00a0Imagens meramente ilustrativas. Outros itens n\u00e3o acompanham o produto. Todas as medidas s\u00e3o aproximadas e podem variar de acordo com a produ\u00e7\u00e3o.","og_url":"https:\/\/site.bistec.com.pt\/relojoaria\/produto\/anel-snake-man-em-prata-925-com-rodio-negro\/","og_site_name":"Relojoaria Bistec","og_image":[{"width":1000,"height":1000,"url":"https:\/\/site.bistec.com.pt\/relojoaria\/wp-content\/uploads\/2025\/01\/Anel-Snake-Man-em-Prata-925-com-Rodio-Negro.webp","type":"image\/webp"}],"twitter_card":"summary_large_image","schema":{"@context":"https:\/\/schema.org","@graph":[{"@type":"WebPage","@id":"https:\/\/site.bistec.com.pt\/relojoaria\/produto\/anel-snake-man-em-prata-925-com-rodio-negro\/","url":"https:\/\/site.bistec.com.pt\/relojoaria\/produto\/anel-snake-man-em-prata-925-com-rodio-negro\/","name":"Anel Snake Man em Prata 925 com R\u00f3dio Negro - Relojoaria Bistec","isPartOf":{"@id":"https:\/\/site.bistec.com.pt\/relojoaria\/#website"},"primaryImageOfPage":{"@id":"https:\/\/site.bistec.com.pt\/relojoaria\/produto\/anel-snake-man-em-prata-925-com-rodio-negro\/#primaryimage"},"image":{"@id":"https:\/\/site.bistec.com.pt\/relojoaria\/produto\/anel-snake-man-em-prata-925-com-rodio-negro\/#primaryimage"},"thumbnailUrl":"https:\/\/site.bistec.com.pt\/relojoaria\/wp-content\/uploads\/2025\/01\/Anel-Snake-Man-em-Prata-925-com-Rodio-Negro.webp","datePublished":"2025-01-28T14:41:23+00:00","breadcrumb":{"@id":"https:\/\/site.bistec.com.pt\/relojoaria\/produto\/anel-snake-man-em-prata-925-com-rodio-negro\/#breadcrumb"},"inLanguage":"pt-BR","potentialAction":[{"@type":"ReadAction","target":["https:\/\/site.bistec.com.pt\/relojoaria\/produto\/anel-snake-man-em-prata-925-com-rodio-negro\/"]}]},{"@type":"ImageObject","inLanguage":"pt-BR","@id":"https:\/\/site.bistec.com.pt\/relojoaria\/produto\/anel-snake-man-em-prata-925-com-rodio-negro\/#primaryimage","url":"https:\/\/site.bistec.com.pt\/relojoaria\/wp-content\/uploads\/2025\/01\/Anel-Snake-Man-em-Prata-925-com-Rodio-Negro.webp","contentUrl":"https:\/\/site.bistec.com.pt\/relojoaria\/wp-content\/uploads\/2025\/01\/Anel-Snake-Man-em-Prata-925-com-Rodio-Negro.webp","width":1000,"height":1000},{"@type":"BreadcrumbList","@id":"https:\/\/site.bistec.com.pt\/relojoaria\/produto\/anel-snake-man-em-prata-925-com-rodio-negro\/#breadcrumb","itemListElement":[{"@type":"ListItem","position":1,"name":"In\u00edcio","item":"https:\/\/site.bistec.com.pt\/relojoaria\/"},{"@type":"ListItem","position":2,"name":"Loja","item":"https:\/\/site.bistec.com.pt\/relojoaria\/loja\/"},{"@type":"ListItem","position":3,"name":"Anel Snake Man em Prata 925 com R\u00f3dio Negro"}]},{"@type":"WebSite","@id":"https:\/\/site.bistec.com.pt\/relojoaria\/#website","url":"https:\/\/site.bistec.com.pt\/relojoaria\/","name":"Relojoaria Bistec","description":"Relojoaria e Joalheria","publisher":{"@id":"https:\/\/site.bistec.com.pt\/relojoaria\/#organization"},"potentialAction":[{"@type":"SearchAction","target":{"@type":"EntryPoint","urlTemplate":"https:\/\/site.bistec.com.pt\/relojoaria\/?s={search_term_string}"},"query-input":{"@type":"PropertyValueSpecification","valueRequired":true,"valueName":"search_term_string"}}],"inLanguage":"pt-BR"},{"@type":"Organization","@id":"https:\/\/site.bistec.com.pt\/relojoaria\/#organization","name":"Relojoaria Bistec","url":"https:\/\/site.bistec.com.pt\/relojoaria\/","logo":{"@type":"ImageObject","inLanguage":"pt-BR","@id":"https:\/\/site.bistec.com.pt\/relojoaria\/#\/schema\/logo\/image\/","url":"https:\/\/site.bistec.com.pt\/relojoaria\/wp-content\/uploads\/2025\/01\/logo-bistec-joias-preto-sem-fundo.png","contentUrl":"https:\/\/site.bistec.com.pt\/relojoaria\/wp-content\/uploads\/2025\/01\/logo-bistec-joias-preto-sem-fundo.png","width":1048,"height":418,"caption":"Relojoaria Bistec"},"image":{"@id":"https:\/\/site.bistec.com.pt\/relojoaria\/#\/schema\/logo\/image\/"}}]}},"_links":{"self":[{"href":"https:\/\/site.bistec.com.pt\/relojoaria\/wp-json\/wp\/v2\/product\/76","targetHints":{"allow":["GET"]}}],"collection":[{"href":"https:\/\/site.bistec.com.pt\/relojoaria\/wp-json\/wp\/v2\/product"}],"about":[{"href":"https:\/\/site.bistec.com.pt\/relojoaria\/wp-json\/wp\/v2\/types\/product"}],"replies":[{"embeddable":true,"href":"https:\/\/site.bistec.com.pt\/relojoaria\/wp-json\/wp\/v2\/comments?post=76"}],"wp:featuredmedia":[{"embeddable":true,"href":"https:\/\/site.bistec.com.pt\/relojoaria\/wp-json\/wp\/v2\/media\/82"}],"wp:attachment":[{"href":"https:\/\/site.bistec.com.pt\/relojoaria\/wp-json\/wp\/v2\/media?parent=76"}],"wp:term":[{"taxonomy":"product_brand","embeddable":true,"href":"https:\/\/site.bistec.com.pt\/relojoaria\/wp-json\/wp\/v2\/product_brand?post=76"},{"taxonomy":"product_cat","embeddable":true,"href":"https:\/\/site.bistec.com.pt\/relojoaria\/wp-json\/wp\/v2\/product_cat?post=76"},{"taxonomy":"product_tag","embeddable":true,"href":"https:\/\/site.bistec.com.pt\/relojoaria\/wp-json\/wp\/v2\/product_tag?post=76"}],"curies":[{"name":"wp","href":"https:\/\/api.w.org\/{rel}","templated":true}]}}