{"id":108,"date":"2025-01-28T18:36:24","date_gmt":"2025-01-28T18:36:24","guid":{"rendered":"https:\/\/bistec.com.br\/barbearia\/?page_id=108"},"modified":"2025-03-13T12:54:30","modified_gmt":"2025-03-13T12:54:30","slug":"sobre","status":"publish","type":"page","link":"https:\/\/site.bistec.com.pt\/barbearia\/sobre\/","title":{"rendered":"Sobre"},"content":{"rendered":"\t\t<div data-elementor-type=\"wp-page\" data-elementor-id=\"108\" class=\"elementor elementor-108\" data-elementor-post-type=\"page\">\n\t\t\t\t<div class=\"elementor-element elementor-element-ca6fcd8 e-con-full e-flex wpr-particle-no wpr-jarallax-no wpr-parallax-no wpr-sticky-section-no wpr-equal-height-no e-con e-parent\" data-id=\"ca6fcd8\" data-element_type=\"container\" data-e-type=\"container\">\n\t\t<div class=\"elementor-element elementor-element-b5ec640 e-con-full e-flex wpr-particle-no wpr-jarallax-no wpr-parallax-no wpr-sticky-section-no wpr-equal-height-no e-con e-child\" data-id=\"b5ec640\" data-element_type=\"container\" data-e-type=\"container\" data-settings=\"{&quot;background_background&quot;:&quot;classic&quot;,&quot;background_motion_fx_motion_fx_scrolling&quot;:&quot;yes&quot;,&quot;background_motion_fx_devices&quot;:[&quot;desktop&quot;,&quot;tablet&quot;,&quot;mobile&quot;]}\">\n\t\t\t\t<\/div>\n\t\t<div class=\"elementor-element elementor-element-3e703ad e-con-full e-flex wpr-particle-no wpr-jarallax-no wpr-parallax-no wpr-sticky-section-no wpr-equal-height-no e-con e-child\" data-id=\"3e703ad\" data-element_type=\"container\" data-e-type=\"container\" data-settings=\"{&quot;background_background&quot;:&quot;classic&quot;}\">\n\t\t\t\t<div class=\"elementor-element elementor-element-05955bb elementor-vertical-align-middle elementor-widget__width-initial elementor-widget elementor-widget-image-box\" data-id=\"05955bb\" data-element_type=\"widget\" data-e-type=\"widget\" data-widget_type=\"image-box.default\">\n\t\t\t\t<div class=\"elementor-widget-container\">\n\t\t\t\t\t<div class=\"elementor-image-box-wrapper\"><div class=\"elementor-image-box-content\"><h3 class=\"elementor-image-box-title\">Sobre a Barbe Shop<\/h3><p class=\"elementor-image-box-description\">Bem-vindo \u00e0 Barbe Shop, onde tradi\u00e7\u00e3o e modernidade se encontram para criar tend\u00eancias e estilos \u00fanicos. Com mais de 10 anos de experi\u00eancia no mercado, a Barbe Shop tem-se destacado como uma refer\u00eancia em cortes de cabelo masculinos e cuidados com a barba.<br>\n<br>\nA nossa hist\u00f3ria come\u00e7ou h\u00e1 uma d\u00e9cada, quando o nosso fundador, apaixonado pela barbearia e dedicado \u00e0 arte de criar visuais personalizados, abriu as portas da primeira Barbe Shop. Desde ent\u00e3o, temos-nos empenhado em oferecer um servi\u00e7o de excel\u00eancia e metodologias inovadoras, sempre acompanhando as \u00faltimas tend\u00eancias do universo masculino.<br>\n<br>\n\nNa Barbe Shop, cada cliente \u00e9 tratado com aten\u00e7\u00e3o especial. Os nossos barbeiros altamente qualificados e constantemente atualizados garantem que cada corte e cada barba s\u00e3o feitos com precis\u00e3o e estilo.  <br>\n<br> Valorizamos a autenticidade e acreditamos que cada visual deve refletir a personalidade de quem o usa\n\nAo longo dos anos, a Barbe Shop conquistou a confian\u00e7a e a fidelidade dos nossos clientes, tornando-se um ponto de refer\u00eancia para quem procura qualidade, conforto e um ambiente acolhedor. Estamos sempre \u00e0 procura de novas metodologias e produtos para oferecer o melhor em cuidado e estilo aos nossos clientes.\n<br>\n<br>Venha visitar-nos e descubra porque a Barbe Shop \u00e9 a escolha certa para quem deseja destacar-se com um visual impec\u00e1vel e moderno..<\/p><\/div><\/div>\t\t\t\t<\/div>\n\t\t\t\t<\/div>\n\t\t\t\t<\/div>\n\t\t<div class=\"elementor-element elementor-element-fdd1d0e e-con-full e-flex wpr-particle-no wpr-jarallax-no wpr-parallax-no wpr-sticky-section-no wpr-equal-height-no e-con e-child\" data-id=\"fdd1d0e\" data-element_type=\"container\" data-e-type=\"container\" data-settings=\"{&quot;background_background&quot;:&quot;classic&quot;}\">\n\t\t\t\t<div class=\"elementor-element elementor-element-6a673e3 elementor-widget elementor-widget-spacer\" data-id=\"6a673e3\" data-element_type=\"widget\" data-e-type=\"widget\" data-widget_type=\"spacer.default\">\n\t\t\t\t<div class=\"elementor-widget-container\">\n\t\t\t\t\t\t\t<div class=\"elementor-spacer\">\n\t\t\t<div class=\"elementor-spacer-inner\"><\/div>\n\t\t<\/div>\n\t\t\t\t\t\t<\/div>\n\t\t\t\t<\/div>\n\t\t\t\t<div class=\"elementor-element elementor-element-e2241ce elementor-widget elementor-widget-heading\" data-id=\"e2241ce\" data-element_type=\"widget\" data-e-type=\"widget\" data-widget_type=\"heading.default\">\n\t\t\t\t<div class=\"elementor-widget-container\">\n\t\t\t\t\t<h2 class=\"elementor-heading-title elementor-size-default\">Conhe\u00e7a os nossos profissionais<\/h2>\t\t\t\t<\/div>\n\t\t\t\t<\/div>\n\t\t<div class=\"elementor-element elementor-element-c34d729 e-grid e-con-boxed wpr-particle-no wpr-jarallax-no wpr-parallax-no wpr-sticky-section-no wpr-equal-height-no e-con e-child\" data-id=\"c34d729\" data-element_type=\"container\" data-e-type=\"container\">\n\t\t\t\t\t<div class=\"e-con-inner\">\n\t\t\t\t<div class=\"elementor-element elementor-element-8d2c435 wpr-team-member-divider-center elementor-widget elementor-widget-wpr-team-member\" data-id=\"8d2c435\" data-element_type=\"widget\" data-e-type=\"widget\" data-widget_type=\"wpr-team-member.default\">\n\t\t\t\t<div class=\"elementor-widget-container\">\n\t\t\t\t\t\n\t<div class=\"wpr-team-member\">\n\t\t\t\t\t\n\t\t\t<div class=\"wpr-member-media\">\n\t\t\t\t<div class=\"wpr-member-image\">\n\t\t\t\t\t<img decoding=\"async\" src=\"https:\/\/site.bistec.com.pt\/barbearia\/wp-content\/uploads\/2025\/02\/studio-portrait-brutal-bearded-male-grey-vignette-background-scaled.jpg\" alt=\"Ricardo Martins\">\n\t\t\t\t<\/div>\n\t\t\t\t\t\t\t<\/div>\n\t\t\t\t\n\t\t\n\t\t<div class=\"wpr-member-content\">\n\t\t\t<h3 class=\"wpr-member-name\">Ricardo Martins<\/h3>\n\t\t\t\n\t\t\t\t\t\t\t<div class=\"wpr-member-job\">Barbeiro<\/div>\n\t\t\t\n\t\t\t\t\t\t\t<div class=\"wpr-member-divider\"><\/div>\n\t\t\t\n\t\t\t\t\t\t\t<div class=\"wpr-member-description\">Barba e Bigode: T\u00e9cnicas Avan\u00e7adas\n\nEstiliza\u00e7\u00e3o de Barbas Longas\n\nPenteados Cl\u00e1ssicos Masculinos<\/div>\n\t\t\t\t\t\t\n\t\t\t\t\t<\/div>\n\n\t\t\t<\/div>\n\n\t\t\t\t\t<\/div>\n\t\t\t\t<\/div>\n\t\t\t\t<div class=\"elementor-element elementor-element-46cc801 wpr-team-member-divider-center elementor-widget elementor-widget-wpr-team-member\" data-id=\"46cc801\" data-element_type=\"widget\" data-e-type=\"widget\" data-widget_type=\"wpr-team-member.default\">\n\t\t\t\t<div class=\"elementor-widget-container\">\n\t\t\t\t\t\n\t<div class=\"wpr-team-member\">\n\t\t\t\t\t\n\t\t\t<div class=\"wpr-member-media\">\n\t\t\t\t<div class=\"wpr-member-image\">\n\t\t\t\t\t<img decoding=\"async\" src=\"https:\/\/site.bistec.com.pt\/barbearia\/wp-content\/uploads\/2025\/02\/stylish-young-man-barbershop-scaled.jpg\" alt=\"Felipe Souza\">\n\t\t\t\t<\/div>\n\t\t\t\t\t\t\t<\/div>\n\t\t\t\t\n\t\t\n\t\t<div class=\"wpr-member-content\">\n\t\t\t<h3 class=\"wpr-member-name\">Felipe Souza<\/h3>\n\t\t\t\n\t\t\t\t\t\t\t<div class=\"wpr-member-job\">Barbeiro<\/div>\n\t\t\t\n\t\t\t\t\t\t\t<div class=\"wpr-member-divider\"><\/div>\n\t\t\t\n\t\t\t\t\t\t\t<div class=\"wpr-member-description\">Corte de Cabelo Moderno e Geom\u00e9trico\n\nDesenho e Design de Barbas\n\nT\u00e9cnicas de Colora\u00e7\u00e3o Masculina<\/div>\n\t\t\t\t\t\t\n\t\t\t\t\t<\/div>\n\n\t\t\t<\/div>\n\n\t\t\t\t\t<\/div>\n\t\t\t\t<\/div>\n\t\t\t\t<div class=\"elementor-element elementor-element-2e20f7c wpr-team-member-divider-center elementor-widget elementor-widget-wpr-team-member\" data-id=\"2e20f7c\" data-element_type=\"widget\" data-e-type=\"widget\" data-widget_type=\"wpr-team-member.default\">\n\t\t\t\t<div class=\"elementor-widget-container\">\n\t\t\t\t\t\n\t<div class=\"wpr-team-member\">\n\t\t\t\t\t\n\t\t\t<div class=\"wpr-member-media\">\n\t\t\t\t<div class=\"wpr-member-image\">\n\t\t\t\t\t<img decoding=\"async\" src=\"https:\/\/site.bistec.com.pt\/barbearia\/wp-content\/uploads\/2025\/02\/serious-sceptical-buisnessman-with-beard-dark-clothing-is-standing-dark-photo-studio-scaled.jpg\" alt=\"Andr\u00e9 Costa\">\n\t\t\t\t<\/div>\n\t\t\t\t\t\t\t<\/div>\n\t\t\t\t\n\t\t\n\t\t<div class=\"wpr-member-content\">\n\t\t\t<h3 class=\"wpr-member-name\">Andr\u00e9 Costa<\/h3>\n\t\t\t\n\t\t\t\t\t\t\t<div class=\"wpr-member-job\">Barbeiro<\/div>\n\t\t\t\n\t\t\t\t\t\t\t<div class=\"wpr-member-divider\"><\/div>\n\t\t\t\n\t\t\t\t\t\t\t<div class=\"wpr-member-description\">Corte de Cabelo para Crian\u00e7as\n\nTend\u00eancias de Estilo Urbano\n\nT\u00e9cnicas de Alisamento e Relaxamento<\/div>\n\t\t\t\t\t\t\n\t\t\t\t\t<\/div>\n\n\t\t\t<\/div>\n\n\t\t\t\t\t<\/div>\n\t\t\t\t<\/div>\n\t\t\t\t<div class=\"elementor-element elementor-element-fe7f332 wpr-team-member-divider-center elementor-widget elementor-widget-wpr-team-member\" data-id=\"fe7f332\" data-element_type=\"widget\" data-e-type=\"widget\" data-widget_type=\"wpr-team-member.default\">\n\t\t\t\t<div class=\"elementor-widget-container\">\n\t\t\t\t\t\n\t<div class=\"wpr-team-member\">\n\t\t\t\t\t\n\t\t\t<div class=\"wpr-member-media\">\n\t\t\t\t<div class=\"wpr-member-image\">\n\t\t\t\t\t<img decoding=\"async\" src=\"https:\/\/site.bistec.com.pt\/barbearia\/wp-content\/uploads\/2025\/02\/berded-hipster-male-with-crossed-arms-dressed-violet-suit-grey-vignette-background-scaled.jpg\" alt=\"Lucas Oliveira\">\n\t\t\t\t<\/div>\n\t\t\t\t\t\t\t<\/div>\n\t\t\t\t\n\t\t\n\t\t<div class=\"wpr-member-content\">\n\t\t\t<h3 class=\"wpr-member-name\">Lucas Oliveira<\/h3>\n\t\t\t\n\t\t\t\t\t\t\t<div class=\"wpr-member-job\">Barbeiro<\/div>\n\t\t\t\n\t\t\t\t\t\t\t<div class=\"wpr-member-divider\"><\/div>\n\t\t\t\n\t\t\t\t\t\t\t<div class=\"wpr-member-description\">Barboterapia: Cuidados e Tratamentos\n\nCortes R\u00e1pidos e Eficientes\n\nT\u00e9cnicas de Corte com Tesoura e M\u00e1quina<\/div>\n\t\t\t\t\t\t\n\t\t\t\t\t<\/div>\n\n\t\t\t<\/div>\n\n\t\t\t\t\t<\/div>\n\t\t\t\t<\/div>\n\t\t\t\t\t<\/div>\n\t\t\t\t<\/div>\n\t\t\t\t<\/div>\n\t\t\t\t<\/div>\n\t\t\t\t<\/div>\n\t\t","protected":false},"excerpt":{"rendered":"<p>Sobre a Barbe Shop Bem-vindo \u00e0 Barbe Shop, onde tradi\u00e7\u00e3o e modernidade se encontram para criar tend\u00eancias e estilos \u00fanicos. Com mais de 10 anos de experi\u00eancia no mercado, a Barbe Shop tem-se destacado como uma refer\u00eancia em cortes de cabelo masculinos e cuidados com a barba. A nossa hist\u00f3ria come\u00e7ou h\u00e1 uma d\u00e9cada, quando o nosso fundador, apaixonado pela barbearia e dedicado \u00e0 arte de criar visuais personalizados, abriu as portas da primeira Barbe Shop. Desde ent\u00e3o, temos-nos empenhado em oferecer um servi\u00e7o de excel\u00eancia e metodologias inovadoras, sempre acompanhando as \u00faltimas tend\u00eancias do universo masculino. Na Barbe Shop, cada cliente \u00e9 tratado com aten\u00e7\u00e3o especial. Os nossos barbeiros altamente qualificados e constantemente atualizados garantem que cada corte e cada barba s\u00e3o feitos com precis\u00e3o e estilo. Valorizamos a autenticidade e acreditamos que cada visual deve refletir a personalidade de quem o usa Ao longo dos anos, a Barbe Shop conquistou a confian\u00e7a e a fidelidade dos nossos clientes, tornando-se um ponto de refer\u00eancia para quem procura qualidade, conforto e um ambiente acolhedor. Estamos sempre \u00e0 procura de novas metodologias e produtos para oferecer o melhor em cuidado e estilo aos nossos clientes. Venha visitar-nos e descubra porque a Barbe Shop \u00e9 a escolha certa para quem deseja destacar-se com um visual impec\u00e1vel e moderno.. Conhe\u00e7a os nossos profissionais Ricardo Martins Barbeiro Barba e Bigode: T\u00e9cnicas Avan\u00e7adas Estiliza\u00e7\u00e3o de Barbas Longas Penteados Cl\u00e1ssicos Masculinos Felipe Souza Barbeiro Corte de Cabelo Moderno e Geom\u00e9trico Desenho e Design de Barbas T\u00e9cnicas de Colora\u00e7\u00e3o Masculina Andr\u00e9 Costa Barbeiro Corte de Cabelo para Crian\u00e7as Tend\u00eancias de Estilo Urbano T\u00e9cnicas de Alisamento e Relaxamento Lucas Oliveira Barbeiro Barboterapia: Cuidados e Tratamentos Cortes R\u00e1pidos e Eficientes T\u00e9cnicas de Corte com Tesoura e M\u00e1quina<\/p>\n","protected":false},"author":1,"featured_media":0,"parent":0,"menu_order":0,"comment_status":"closed","ping_status":"closed","template":"elementor_header_footer","meta":{"footnotes":""},"class_list":["post-108","page","type-page","status-publish","hentry"],"yoast_head":"<!-- This site is optimized with the Yoast SEO plugin v27.0 - https:\/\/yoast.com\/product\/yoast-seo-wordpress\/ -->\n<title>Sobre - Barbe Shop<\/title>\n<meta name=\"robots\" content=\"index, follow, max-snippet:-1, max-image-preview:large, max-video-preview:-1\" \/>\n<link rel=\"canonical\" href=\"https:\/\/site.bistec.com.pt\/barbearia\/sobre\/\" \/>\n<meta property=\"og:locale\" content=\"pt_BR\" \/>\n<meta property=\"og:type\" content=\"article\" \/>\n<meta property=\"og:title\" content=\"Sobre - Barbe Shop\" \/>\n<meta property=\"og:description\" content=\"Sobre a Barbe Shop Bem-vindo \u00e0 Barbe Shop, onde tradi\u00e7\u00e3o e modernidade se encontram para criar tend\u00eancias e estilos \u00fanicos. Com mais de 10 anos de experi\u00eancia no mercado, a Barbe Shop tem-se destacado como uma refer\u00eancia em cortes de cabelo masculinos e cuidados com a barba. A nossa hist\u00f3ria come\u00e7ou h\u00e1 uma d\u00e9cada, quando o nosso fundador, apaixonado pela barbearia e dedicado \u00e0 arte de criar visuais personalizados, abriu as portas da primeira Barbe Shop. Desde ent\u00e3o, temos-nos empenhado em oferecer um servi\u00e7o de excel\u00eancia e metodologias inovadoras, sempre acompanhando as \u00faltimas tend\u00eancias do universo masculino. Na Barbe Shop, cada cliente \u00e9 tratado com aten\u00e7\u00e3o especial. Os nossos barbeiros altamente qualificados e constantemente atualizados garantem que cada corte e cada barba s\u00e3o feitos com precis\u00e3o e estilo. Valorizamos a autenticidade e acreditamos que cada visual deve refletir a personalidade de quem o usa Ao longo dos anos, a Barbe Shop conquistou a confian\u00e7a e a fidelidade dos nossos clientes, tornando-se um ponto de refer\u00eancia para quem procura qualidade, conforto e um ambiente acolhedor. Estamos sempre \u00e0 procura de novas metodologias e produtos para oferecer o melhor em cuidado e estilo aos nossos clientes. Venha visitar-nos e descubra porque a Barbe Shop \u00e9 a escolha certa para quem deseja destacar-se com um visual impec\u00e1vel e moderno.. Conhe\u00e7a os nossos profissionais Ricardo Martins Barbeiro Barba e Bigode: T\u00e9cnicas Avan\u00e7adas Estiliza\u00e7\u00e3o de Barbas Longas Penteados Cl\u00e1ssicos Masculinos Felipe Souza Barbeiro Corte de Cabelo Moderno e Geom\u00e9trico Desenho e Design de Barbas T\u00e9cnicas de Colora\u00e7\u00e3o Masculina Andr\u00e9 Costa Barbeiro Corte de Cabelo para Crian\u00e7as Tend\u00eancias de Estilo Urbano T\u00e9cnicas de Alisamento e Relaxamento Lucas Oliveira Barbeiro Barboterapia: Cuidados e Tratamentos Cortes R\u00e1pidos e Eficientes T\u00e9cnicas de Corte com Tesoura e M\u00e1quina\" \/>\n<meta property=\"og:url\" content=\"https:\/\/site.bistec.com.pt\/barbearia\/sobre\/\" \/>\n<meta property=\"og:site_name\" content=\"Barbe Shop\" \/>\n<meta property=\"article:modified_time\" content=\"2025-03-13T12:54:30+00:00\" \/>\n<meta property=\"og:image\" content=\"https:\/\/site.bistec.com.pt\/barbearia\/wp-content\/uploads\/2025\/02\/studio-portrait-brutal-bearded-male-grey-vignette-background-scaled.jpg\" \/>\n<meta name=\"twitter:card\" content=\"summary_large_image\" \/>\n<meta name=\"twitter:label1\" content=\"Est. tempo de leitura\" \/>\n\t<meta name=\"twitter:data1\" content=\"2 minutos\" \/>\n<script type=\"application\/ld+json\" class=\"yoast-schema-graph\">{\"@context\":\"https:\/\/schema.org\",\"@graph\":[{\"@type\":\"WebPage\",\"@id\":\"https:\/\/site.bistec.com.pt\/barbearia\/sobre\/\",\"url\":\"https:\/\/site.bistec.com.pt\/barbearia\/sobre\/\",\"name\":\"Sobre - Barbe Shop\",\"isPartOf\":{\"@id\":\"https:\/\/site.bistec.com.pt\/barbearia\/#website\"},\"primaryImageOfPage\":{\"@id\":\"https:\/\/site.bistec.com.pt\/barbearia\/sobre\/#primaryimage\"},\"image\":{\"@id\":\"https:\/\/site.bistec.com.pt\/barbearia\/sobre\/#primaryimage\"},\"thumbnailUrl\":\"https:\/\/site.bistec.com.pt\/barbearia\/wp-content\/uploads\/2025\/02\/studio-portrait-brutal-bearded-male-grey-vignette-background-scaled.jpg\",\"datePublished\":\"2025-01-28T18:36:24+00:00\",\"dateModified\":\"2025-03-13T12:54:30+00:00\",\"breadcrumb\":{\"@id\":\"https:\/\/site.bistec.com.pt\/barbearia\/sobre\/#breadcrumb\"},\"inLanguage\":\"pt-BR\",\"potentialAction\":[{\"@type\":\"ReadAction\",\"target\":[\"https:\/\/site.bistec.com.pt\/barbearia\/sobre\/\"]}]},{\"@type\":\"ImageObject\",\"inLanguage\":\"pt-BR\",\"@id\":\"https:\/\/site.bistec.com.pt\/barbearia\/sobre\/#primaryimage\",\"url\":\"https:\/\/site.bistec.com.pt\/barbearia\/wp-content\/uploads\/2025\/02\/studio-portrait-brutal-bearded-male-grey-vignette-background-scaled.jpg\",\"contentUrl\":\"https:\/\/site.bistec.com.pt\/barbearia\/wp-content\/uploads\/2025\/02\/studio-portrait-brutal-bearded-male-grey-vignette-background-scaled.jpg\",\"width\":2560,\"height\":1707,\"caption\":\"Studio portrait of brutal bearded male on grey vignette background.\"},{\"@type\":\"BreadcrumbList\",\"@id\":\"https:\/\/site.bistec.com.pt\/barbearia\/sobre\/#breadcrumb\",\"itemListElement\":[{\"@type\":\"ListItem\",\"position\":1,\"name\":\"In\u00edcio\",\"item\":\"https:\/\/site.bistec.com.pt\/barbearia\/\"},{\"@type\":\"ListItem\",\"position\":2,\"name\":\"Sobre\"}]},{\"@type\":\"WebSite\",\"@id\":\"https:\/\/site.bistec.com.pt\/barbearia\/#website\",\"url\":\"https:\/\/site.bistec.com.pt\/barbearia\/\",\"name\":\"Barbe Shop\",\"description\":\"Barbe Shop\",\"publisher\":{\"@id\":\"https:\/\/site.bistec.com.pt\/barbearia\/#organization\"},\"potentialAction\":[{\"@type\":\"SearchAction\",\"target\":{\"@type\":\"EntryPoint\",\"urlTemplate\":\"https:\/\/site.bistec.com.pt\/barbearia\/?s={search_term_string}\"},\"query-input\":{\"@type\":\"PropertyValueSpecification\",\"valueRequired\":true,\"valueName\":\"search_term_string\"}}],\"inLanguage\":\"pt-BR\"},{\"@type\":\"Organization\",\"@id\":\"https:\/\/site.bistec.com.pt\/barbearia\/#organization\",\"name\":\"Barbe Shop\",\"url\":\"https:\/\/site.bistec.com.pt\/barbearia\/\",\"logo\":{\"@type\":\"ImageObject\",\"inLanguage\":\"pt-BR\",\"@id\":\"https:\/\/site.bistec.com.pt\/barbearia\/#\/schema\/logo\/image\/\",\"url\":\"https:\/\/site.bistec.com.pt\/barbearia\/wp-content\/uploads\/2025\/01\/cropped-logo-2_sem_fundo.png\",\"contentUrl\":\"https:\/\/site.bistec.com.pt\/barbearia\/wp-content\/uploads\/2025\/01\/cropped-logo-2_sem_fundo.png\",\"width\":167,\"height\":194,\"caption\":\"Barbe Shop\"},\"image\":{\"@id\":\"https:\/\/site.bistec.com.pt\/barbearia\/#\/schema\/logo\/image\/\"}}]}<\/script>\n<!-- \/ Yoast SEO plugin. -->","yoast_head_json":{"title":"Sobre - Barbe Shop","robots":{"index":"index","follow":"follow","max-snippet":"max-snippet:-1","max-image-preview":"max-image-preview:large","max-video-preview":"max-video-preview:-1"},"canonical":"https:\/\/site.bistec.com.pt\/barbearia\/sobre\/","og_locale":"pt_BR","og_type":"article","og_title":"Sobre - Barbe Shop","og_description":"Sobre a Barbe Shop Bem-vindo \u00e0 Barbe Shop, onde tradi\u00e7\u00e3o e modernidade se encontram para criar tend\u00eancias e estilos \u00fanicos. Com mais de 10 anos de experi\u00eancia no mercado, a Barbe Shop tem-se destacado como uma refer\u00eancia em cortes de cabelo masculinos e cuidados com a barba. A nossa hist\u00f3ria come\u00e7ou h\u00e1 uma d\u00e9cada, quando o nosso fundador, apaixonado pela barbearia e dedicado \u00e0 arte de criar visuais personalizados, abriu as portas da primeira Barbe Shop. Desde ent\u00e3o, temos-nos empenhado em oferecer um servi\u00e7o de excel\u00eancia e metodologias inovadoras, sempre acompanhando as \u00faltimas tend\u00eancias do universo masculino. Na Barbe Shop, cada cliente \u00e9 tratado com aten\u00e7\u00e3o especial. Os nossos barbeiros altamente qualificados e constantemente atualizados garantem que cada corte e cada barba s\u00e3o feitos com precis\u00e3o e estilo. Valorizamos a autenticidade e acreditamos que cada visual deve refletir a personalidade de quem o usa Ao longo dos anos, a Barbe Shop conquistou a confian\u00e7a e a fidelidade dos nossos clientes, tornando-se um ponto de refer\u00eancia para quem procura qualidade, conforto e um ambiente acolhedor. Estamos sempre \u00e0 procura de novas metodologias e produtos para oferecer o melhor em cuidado e estilo aos nossos clientes. Venha visitar-nos e descubra porque a Barbe Shop \u00e9 a escolha certa para quem deseja destacar-se com um visual impec\u00e1vel e moderno.. Conhe\u00e7a os nossos profissionais Ricardo Martins Barbeiro Barba e Bigode: T\u00e9cnicas Avan\u00e7adas Estiliza\u00e7\u00e3o de Barbas Longas Penteados Cl\u00e1ssicos Masculinos Felipe Souza Barbeiro Corte de Cabelo Moderno e Geom\u00e9trico Desenho e Design de Barbas T\u00e9cnicas de Colora\u00e7\u00e3o Masculina Andr\u00e9 Costa Barbeiro Corte de Cabelo para Crian\u00e7as Tend\u00eancias de Estilo Urbano T\u00e9cnicas de Alisamento e Relaxamento Lucas Oliveira Barbeiro Barboterapia: Cuidados e Tratamentos Cortes R\u00e1pidos e Eficientes T\u00e9cnicas de Corte com Tesoura e M\u00e1quina","og_url":"https:\/\/site.bistec.com.pt\/barbearia\/sobre\/","og_site_name":"Barbe Shop","article_modified_time":"2025-03-13T12:54:30+00:00","og_image":[{"url":"https:\/\/site.bistec.com.pt\/barbearia\/wp-content\/uploads\/2025\/02\/studio-portrait-brutal-bearded-male-grey-vignette-background-scaled.jpg","type":"","width":"","height":""}],"twitter_card":"summary_large_image","twitter_misc":{"Est. tempo de leitura":"2 minutos"},"schema":{"@context":"https:\/\/schema.org","@graph":[{"@type":"WebPage","@id":"https:\/\/site.bistec.com.pt\/barbearia\/sobre\/","url":"https:\/\/site.bistec.com.pt\/barbearia\/sobre\/","name":"Sobre - Barbe Shop","isPartOf":{"@id":"https:\/\/site.bistec.com.pt\/barbearia\/#website"},"primaryImageOfPage":{"@id":"https:\/\/site.bistec.com.pt\/barbearia\/sobre\/#primaryimage"},"image":{"@id":"https:\/\/site.bistec.com.pt\/barbearia\/sobre\/#primaryimage"},"thumbnailUrl":"https:\/\/site.bistec.com.pt\/barbearia\/wp-content\/uploads\/2025\/02\/studio-portrait-brutal-bearded-male-grey-vignette-background-scaled.jpg","datePublished":"2025-01-28T18:36:24+00:00","dateModified":"2025-03-13T12:54:30+00:00","breadcrumb":{"@id":"https:\/\/site.bistec.com.pt\/barbearia\/sobre\/#breadcrumb"},"inLanguage":"pt-BR","potentialAction":[{"@type":"ReadAction","target":["https:\/\/site.bistec.com.pt\/barbearia\/sobre\/"]}]},{"@type":"ImageObject","inLanguage":"pt-BR","@id":"https:\/\/site.bistec.com.pt\/barbearia\/sobre\/#primaryimage","url":"https:\/\/site.bistec.com.pt\/barbearia\/wp-content\/uploads\/2025\/02\/studio-portrait-brutal-bearded-male-grey-vignette-background-scaled.jpg","contentUrl":"https:\/\/site.bistec.com.pt\/barbearia\/wp-content\/uploads\/2025\/02\/studio-portrait-brutal-bearded-male-grey-vignette-background-scaled.jpg","width":2560,"height":1707,"caption":"Studio portrait of brutal bearded male on grey vignette background."},{"@type":"BreadcrumbList","@id":"https:\/\/site.bistec.com.pt\/barbearia\/sobre\/#breadcrumb","itemListElement":[{"@type":"ListItem","position":1,"name":"In\u00edcio","item":"https:\/\/site.bistec.com.pt\/barbearia\/"},{"@type":"ListItem","position":2,"name":"Sobre"}]},{"@type":"WebSite","@id":"https:\/\/site.bistec.com.pt\/barbearia\/#website","url":"https:\/\/site.bistec.com.pt\/barbearia\/","name":"Barbe Shop","description":"Barbe Shop","publisher":{"@id":"https:\/\/site.bistec.com.pt\/barbearia\/#organization"},"potentialAction":[{"@type":"SearchAction","target":{"@type":"EntryPoint","urlTemplate":"https:\/\/site.bistec.com.pt\/barbearia\/?s={search_term_string}"},"query-input":{"@type":"PropertyValueSpecification","valueRequired":true,"valueName":"search_term_string"}}],"inLanguage":"pt-BR"},{"@type":"Organization","@id":"https:\/\/site.bistec.com.pt\/barbearia\/#organization","name":"Barbe Shop","url":"https:\/\/site.bistec.com.pt\/barbearia\/","logo":{"@type":"ImageObject","inLanguage":"pt-BR","@id":"https:\/\/site.bistec.com.pt\/barbearia\/#\/schema\/logo\/image\/","url":"https:\/\/site.bistec.com.pt\/barbearia\/wp-content\/uploads\/2025\/01\/cropped-logo-2_sem_fundo.png","contentUrl":"https:\/\/site.bistec.com.pt\/barbearia\/wp-content\/uploads\/2025\/01\/cropped-logo-2_sem_fundo.png","width":167,"height":194,"caption":"Barbe Shop"},"image":{"@id":"https:\/\/site.bistec.com.pt\/barbearia\/#\/schema\/logo\/image\/"}}]}},"_links":{"self":[{"href":"https:\/\/site.bistec.com.pt\/barbearia\/wp-json\/wp\/v2\/pages\/108","targetHints":{"allow":["GET"]}}],"collection":[{"href":"https:\/\/site.bistec.com.pt\/barbearia\/wp-json\/wp\/v2\/pages"}],"about":[{"href":"https:\/\/site.bistec.com.pt\/barbearia\/wp-json\/wp\/v2\/types\/page"}],"author":[{"embeddable":true,"href":"https:\/\/site.bistec.com.pt\/barbearia\/wp-json\/wp\/v2\/users\/1"}],"replies":[{"embeddable":true,"href":"https:\/\/site.bistec.com.pt\/barbearia\/wp-json\/wp\/v2\/comments?post=108"}],"version-history":[{"count":61,"href":"https:\/\/site.bistec.com.pt\/barbearia\/wp-json\/wp\/v2\/pages\/108\/revisions"}],"predecessor-version":[{"id":987,"href":"https:\/\/site.bistec.com.pt\/barbearia\/wp-json\/wp\/v2\/pages\/108\/revisions\/987"}],"wp:attachment":[{"href":"https:\/\/site.bistec.com.pt\/barbearia\/wp-json\/wp\/v2\/media?parent=108"}],"curies":[{"name":"wp","href":"https:\/\/api.w.org\/{rel}","templated":true}]}}